t of k?
2
Let n = -9713 + 18547. What is the units digit of n?
4
Let f(y) = 248*y**2 - 26*y + 197. What is the thousands digit of f(6)?
8
Let b be (-13 - -114) + 3/(-3). Suppose -2*i - 3*v = -766, 5*i = 4*v + b + 1815. What is the tens digit of i?
8
Let d = -660 - -662. What is the hundreds digit of (d*(-2)/(-12))/((-245)/(-471135))?
6
Suppose 0 = 7*g + 147 + 7. Let l = g - -44. Suppose -l = -3*s + 44. What is the units digit of s?
2
Suppose 0 = 2*m - c - 35, -2*c - 89 = -5*m + 2*c. Suppose -m*v + 23*v - 8358 = 0. What is the tens digit of v?
9
Suppose 2*y + 5*h - 40393 = 0, 3*h = -14*y + 12*y + 40383. What is the thousands digit of y?
0
Suppose p - 4*x = 20 - 0, -100 = -5*p - 5*x. Suppose 2*i = 4*i - p. Suppose -5*h = -i*h + 125. What is the tens digit of h?
2
Let q be (-525)/(-84) + (1 - 10/8). Suppose 3*t - 3 = q. Suppose t*l + 44 = 7*l. What is the tens digit of l?
1
Suppose 7*m = 956 - 25. Let t = m - -280. What is the tens digit of t?
1
Let y be (-11 - (-1288)/(-16))*(-4)/(-3). Let w = 154 - y. What is the hundreds digit of w?
2
Suppose 0 = -37*i + 36*i + 71. Suppose r - w = 41, 0 = -4*r - 3*w + 107 + i. What is the units digit of r?
3
Let g(b) = -b**3 - 2*b**2 - 4*b - 3. Let i be g(-2). Suppose -2*x + 7*x - 1210 = -i*m, 5*x = 5*m + 1260. What is the units digit of x?
7
What is the units digit of (13 - -4096) + 11 - 14?
6
Suppose -4*w - 21 = -5, w = 2*k. Let d be ((-62)/155)/(k/40). Suppose -595 + 2187 = d*q. What is the units digit of q?
9
Let x(p) = 8*p + 125. Let a be x(-19). Let q(l) = l**2 + 4*l - 67. What is the hundreds digit of q(a)?
5
Let l be ((-114)/3)/((-8)/192). What is the units digit of l + (-1)/((1/(-3))/(-1))?
9
Let i(w) = 15*w**2 - 13*w + 15. Let m be i(5). Let d = m - -688. What is the thousands digit of d?
1
Suppose 14*b = -19 + 117. Suppose a - 267 = -12*y + b*y, 5*a - 3*y - 1223 = 0. What is the units digit of a?
7
Suppose 9587 - 27227 = -56*i. Suppose l + 3*z - 372 = 8*z, -3*l + 1056 = 5*z. Suppose 6*v - l = i. What is the tens digit of v?
1
Suppose z + 949 = 348. Let r = z - -1119. What is the units digit of r?
8
Let r(z) = -z. Let i be r(0). Suppose -5*v + 7 = -4*n, i = -n - v + 6 - 1. Suppose -5*d + 413 = 2*l, 169 = n*d + 2*l - 5*l. What is the tens digit of d?
8
Let j(b) be the second derivative of -21*b - 13/3*b**3 + 11/2*b**2 + 0. What is the hundreds digit of j(-4)?
1
Suppose 0 = -10*n - 0*n + 37220. What is the tens digit of n?
2
Suppose 94*v - 666731 = 2105855 + 203830. What is the ten thousands digit of v?
3
Suppose 3*b + 3*a - 47715 = 0, -2*b - 3*b + 79533 = a. What is the ten thousands digit of b?
1
Suppose -3*o - 882 = -3*p, -o = 3*p + 303 - 1193. Suppose 12*g - 3616 = p. What is the tens digit of g?
2
What is the units digit of 3286 + ((2*1)/4 - (-156)/104)?
8
Let f = 312813 - 220762. What is the units digit of f?
1
Let x be (21/(-9))/(2/36). Let u = x + 21. Let z = u + 26. What is the units digit of z?
5
Let w(m) = -61*m + 17*m + 18*m + 24*m - m**2 - m**3 + 2. Let p = 3 - 5. What is the tens digit of w(p)?
1
Let l = -33 + 37. Suppose 0 = -p + l - 2. Suppose p*n + 52 = 162. What is the tens digit of n?
5
Suppose 6*c - 3*s = 5197 + 31613, 0 = -5*c - s + 30675. What is the thousands digit of c?
6
Let r(s) = 153*s**2 + 80*s - 231. What is the hundreds digit of r(3)?
3
Suppose 4*d - 57 = -0*d - 5*w, 27 = d - 3*w. Suppose -11*h = -d + 304. What is the units digit of h*(-12)/(0 - -3)?
4
Let u(a) = 2469*a**2 - 12*a + 3. What is the hundreds digit of u(1)?
4
Let v = 25 - 22. Suppose -3*h + 20 = -5*g, -h - v*g + 1 = g. What is the units digit of ((-2)/(-8))/(h/580)?
9
What is the ten thousands digit of ((-2241)/(-4))/1*(-224)/(-12)?
1
Let f(d) = -40*d - 191. Let j(x) = -2*x. Let i(o) = -f(o) + 5*j(o). What is the tens digit of i(23)?
8
Let y(g) = -3*g**2 - 10*g - 14. Let o be -13 + 6 + -2 + 0. Let p be y(o). Let n = -98 - p. What is the units digit of n?
9
Suppose 94*f = 92*f + 31962. What is the units digit of f?
1
Let j be 7 + (-2)/((-3)/(-12)*4). Let s = j - -21. Suppose 0 = s*c - 34*c + 1104. What is the tens digit of c?
3
Let o = -1193 - -3472. Suppose -2273*t = -o*t + 210. What is the units digit of t?
5
Suppose 5*v = -2*o - 1, 3*v + 46 = 3*o + v. Suppose 7*t - o = 4*t. Suppose -t*a + 13 + 1 = c, -3*c = -3*a - 27. What is the tens digit of c?
1
Suppose 5*x - 9080 = -2*n + 5561, 0 = 5*n - 3*x - 36556. What is the thousands digit of n?
7
Suppose -8*b = -7*b - 201. Let g = 3 + 0. Suppose 45 = -g*t + b. What is the units digit of t?
2
Suppose 0 = 3*t + t - 1736. Let g = t - 173. What is the tens digit of g?
6
Suppose 2*y = 2, 0*y = 4*v - y - 9599. Suppose v = 7*r + 293. What is the tens digit of r?
0
Suppose -2489 + 111 = 29*p. Suppose -9 = -3*i + 4*c, 3 = 5*i + 4*c - 12. What is the tens digit of p*((-25)/(-10) - i)?
4
Suppose 0 = 4*m + 3*x - 20, -12*m + 4*x = -17*m + 26. Suppose -3561 = -4*c + 2*b + 761, 0 = -m*c - 5*b + 2179. What is the hundreds digit of c?
0
Let t(w) = -23*w**3 - 6*w**2 - 7*w - 16. What is the tens digit of t(-5)?
4
Suppose 5*f + 3 = -m, 2*m - 1 = m - f. Suppose -m*b = -3*s + 1 + 1, 4*s - 4*b + 4 = 0. Suppose 12 = w + s. What is the units digit of w?
8
Suppose f + 214 = -195. Let r = f + 780. What is the tens digit of r?
7
Suppose 3*w + 43472 = 2*t, -2*t + 12982 + 30466 = w. What is the thousands digit of t?
1
Let z be (67/2 - -6)/((-2)/44). Let x = -479 - z. Let t = 612 - x. What is the hundreds digit of t?
2
Suppose 4*p + 1290 = -13*h + 10*h, -p = -2*h - 871. Let n = 354 - h. What is the tens digit of n?
8
Let c(x) = -2*x**2 - 13*x - 24. Let r(l) = -2*l**2 - 12*l - 24. Let y(j) = 4*c(j) - 5*r(j). What is the units digit of y(9)?
8
What is the thousands digit of -4*(-6 - (-1772)/16*31*-2)?
7
Let s(l) = -l**3 - 6*l**2 + 6*l - 11. Let j be s(-7). Let y be -1119 - 12/(-4)*1. What is the units digit of j/7 + y/(-42)?
6
Let j(l) be the second derivative of 139*l**3/6 + 153*l**2/2 - 100*l. What is the hundreds digit of j(6)?
9
Suppose -67*d + 45290 = 3*o - 65*d, -3*o + 45294 = 3*d. What is the tens digit of o?
9
Suppose 3*j + 28 = 4*n - 0*j, -5*j = -5*n + 40. Suppose -n*t - 57 = 4*p + 7, 2*p + 5*t = -29. What is the units digit of p + 15 - (-24 + 0)?
2
Let d(z) = 19*z + 6. Let i be d(5). Suppose -t + 30 + i = 0. Let j = 32 + t. What is the tens digit of j?
6
Let s = 437 + -431. What is the hundreds digit of ((-30)/(-20)*-2)/(s/(-2092))?
0
Let o(i) = -7*i + 58. Let t be o(8). Suppose -5*g + t*u = -1921 + 344, -946 = -3*g + u. What is the tens digit of g?
1
Let l = 17820 + 4892. What is the tens digit of l?
1
Let u(k) = -k**2 + k - 9. Let w be -2 + -2*12/8 + -1. Let c(r) = -2*r**2 + r - 19. Let v(x) = w*c(x) + 13*u(x). What is the units digit of v(6)?
3
Suppose -9574 = -1481*h + 1480*h - 3*a, 0 = -2*h + 3*a + 19103. What is the units digit of h?
9
Let s = 3256 + -253. What is the hundreds digit of s?
0
Suppose -2*p + 5*i = 10*i - 12083, -4*p + 24193 = i. What is the thousands digit of p?
6
Suppose 2*x - 4*x - 3*d - 8 = 0, -4*d - 24 = -4*x. Suppose 0 = -5*g - 5*o - 440, -3*g - 83 - 182 = x*o. Let a = g - -189. What is the hundreds digit of a?
1
Let b(a) = a**3 - 1. Let v(k) = -6*k**3 - k**2 - 2*k + 10. Let r(c) = 4*b(c) + v(c). What is the units digit of r(-6)?
4
Suppose 126*h + 33120 = 132*h. What is the tens digit of h?
2
Let f be (-2 + (-20)/(-12))*-3. Suppose -4*h + 3*h = -f. What is the tens digit of (-438)/(-9) - h/(-3)?
4
Suppose 0 = 94*a - 62139 - 19066 - 10445. What is the hundreds digit of a?
9
Let v be ((-3)/6)/((-5)/10). Let y be 147/28 - v/(-4)*3. What is the units digit of y/12*(-12)/(-2)?
3
What is the ten thousands digit of 10/((-340)/(-699078)) - (24/34)/6?
2
Suppose -579 = a - 1372. Let n = -256 + a. What is the tens digit of n?
3
Let a = -3697 + 4217. What is the hundreds digit of a?
5
Suppose -14 = -2*y + 5*c + 28, -y + c + 15 = 0. What is the units digit of 2*y/(-44) + (-4410)/(-4)?
2
Suppose -42920 = -18*n + 9766. What is the tens digit of n?
2
Let l be (9*1)/(21/(-98)*-7). Let b be -1 - -98 - (2 + l/(-3)). Let j = 57 + b. What is the tens digit of j?
5
Let a = -742 - 353. What is the units digit of ((-4)/6)/(((-28)/a)/(-14))?
5
Let g = -10276 + 17267. What is the hundreds digit of g?
9
Let s be (-30)/(-12)*(-8)/(-10). Let u(c) = 425*c - 41. What is the hundreds digit